ime factors of 1143215001?
3, 199, 431, 1481
List the prime factors of 45818965.
5, 137, 66889
What are the prime factors of 18145245?
3, 5, 73, 227
List the prime factors of 15380646.
2, 3, 2563441
List the prime factors of 579238469.
157, 3689417
What are the prime factors of 29664920?
2, 5, 67, 11069
List the prime factors of 116224032.
2, 3, 61, 89, 223
What are the prime factors of 129997929?
3, 17, 2548979
List the prime factors of 301059850.
2, 5, 7, 13, 127, 521
What are the prime factors of 4229301724?
2, 37, 211, 135433
List the prime factors of 4902284311.
113, 43383047
What are the prime factors of 3563893732?
2, 7, 127281919
List the prime factors of 511730462.
2, 29, 8822939
List the prime factors of 41999445.
3, 5, 59, 5273
List the prime factors of 12325286.
2, 23, 267941
List the prime factors of 1908242254.
2, 41, 23271247
What are the prime factors of 45958272?
2, 3, 29, 4127
What are the prime factors of 770030936?
2, 19, 109, 46477
List the prime factors of 136933985.
5, 59, 229, 2027
List the prime factors of 5834636.
2, 1458659
List the prime factors of 352171838.
2, 1181, 149099
List the prime factors of 707394452.
2, 176848613
What are the prime factors of 1062799953?
3, 6199, 57149
What are the prime factors of 96032025?
3, 5, 53, 8053
What are the prime factors of 572770185?
3, 5, 13, 2937283
List the prime factors of 856633833.
3, 11, 2884289
What are the prime factors of 2456069618?
2, 19, 463, 139597
What are the prime factors of 234526454?
2, 401, 292427
What are the prime factors of 775873087?
11, 571, 123527
List the prime factors of 12238122.
2, 3, 13, 156899
List the prime factors of 280563002.
2, 17, 307, 26879
What are the prime factors of 820927624?
2, 11, 9328723
What are the prime factors of 157504270?
2, 5, 7, 11, 43, 67, 71
What are the prime factors of 933078345?
3, 5, 983, 63281
List the prime factors of 953115846.
2, 3, 17, 827, 11299
What are the prime factors of 704364136?
2, 7, 12577931
List the prime factors of 3232451859.
3, 7, 13, 17, 163, 4273
List the prime factors of 324091862.
2, 162045931
List the prime factors of 37899490.
2, 5, 19, 151, 1321
What are the prime factors of 2387830181?
11, 71, 1709, 1789
What are the prime factors of 7989415434?
2, 3, 7, 11, 13, 443413
What are the prime factors of 4395236062?
2, 7, 313945433
What are the prime factors of 1635475950?
2, 3, 5, 23, 158017
List the prime factors of 7867599253.
1531, 5138863
What are the prime factors of 120133362?
2, 3, 41, 488347
What are the prime factors of 13971249?
3, 677, 2293
List the prime factors of 111781937.
107, 197, 5303
List the prime factors of 1341193106.
2, 11, 313, 194771
List the prime factors of 288235836.
2, 3, 7, 53, 3083
List the prime factors of 544322521.
31, 17558791
List the prime factors of 14650599.
3, 1453, 3361
What are the prime factors of 316492395?
3, 5, 349, 60457
List the prime factors of 4101571835.
5, 820314367
List the prime factors of 1461885039.
3, 47, 107, 32299
List the prime factors of 28774398.
2, 3, 19, 173, 1459
What are the prime factors of 857495442?
2, 3, 142915907
List the prime factors of 985147744.
2, 7, 433, 1451
List the prime factors of 70989656.
2, 8873707
List the prime factors of 36740358.
2, 3, 680377
What are the prime factors of 14419522?
2, 13, 554597
What are the prime factors of 183095056?
2, 11443441
What are the prime factors of 30501052?
2, 971, 7853
What are the prime factors of 2709645860?
2, 5, 19, 43, 165829
What are the prime factors of 14367087?
3, 7, 228049
List the prime factors of 240593539.
197, 619, 1973
What are the prime factors of 139606354?
2, 709, 98453
What are the prime factors of 1026476912?
2, 739, 86813
List the prime factors of 456876209.
23, 1009, 19687
What are the prime factors of 23974366?
2, 13, 163, 5657
List the prime factors of 705775171.
23, 31, 47, 21061
What are the prime factors of 103310672?
2, 1609, 4013
List the prime factors of 532869088.
2, 16652159
What are the prime factors of 5185356358?
2, 7, 13, 139, 15767
What are the prime factors of 70724531?
70724531
What are the prime factors of 220098516?
2, 3, 11, 29, 5227
What are the prime factors of 709344913?
7949, 89237
What are the prime factors of 147383867?
147383867
List the prime factors of 587259131.
137, 4286563
What are the prime factors of 3006133980?
2, 3, 5, 2579, 19427
What are the prime factors of 93934949?
101, 139, 6691
List the prime factors of 139125923.
19, 31, 236207
What are the prime factors of 57371580?
2, 3, 5, 7, 45533
What are the prime factors of 132195632?
2, 8262227
List the prime factors of 362421304.
2, 7, 23, 41, 6863
List the prime factors of 86900794.
2, 19, 373, 6131
What are the prime factors of 116224990?
2, 5, 7, 1660357
What are the prime factors of 96593779?
17, 157, 36191
List the prime factors of 8667731.
37, 317, 739
What are the prime factors of 3198634076?
2, 11, 1609, 45181
List the prime factors of 2395705222.
2, 103, 2203, 5279
What are the prime factors of 3657037282?
2, 67, 27291323
List the prime factors of 17434366.
2, 107, 257, 317
List the prime factors of 726809807.
726809807
What are the prime factors of 1671455248?
2, 6791, 15383
List the prime factors of 4282327346.
2, 11, 194651243
What are the prime factors of 98139163?
98139163
What are the prime factors of 81029129?
19, 4264691
List the prime factors of 17839370.
2, 5, 1783937
List the prime factors of 598524779.
4987, 120017
What are the prime factors of 148474479?
3, 67, 691, 1069
What are the prime factors of 3501360784?
2, 109, 2007661
What are the prime factors of 490673094?
2, 3, 81778849
List the prime factors of 385644368.
2, 19, 1268567
List the prime factors of 2958762155.
5, 631, 937801
List the prime factors of 208513262.
2, 17, 23, 266641
List the prime factors of 155512892.
2, 1061, 36643
List the prime factors of 2224734304.
2, 13, 29, 6359
List the prime factors of 4380668495.
5, 7, 125161957
What are the prime factors of 628906777?
43, 1291, 11329
List the prime factors of 52895447.
11, 59, 149, 547
What are the prime factors of 2786809?
2786809
What are the prime factors of 265599088?
2, 16599943
List the prime factors of 18999655.
5, 3799931
List the prime factors of 286304687.
8263, 34649
List the prime factors of 3708865214.
2, 17, 109084271
List the prime factors of 2405971288.
2, 7, 1871, 22963
What are the prime factors of 3053251?
17, 179603
What are the prime factors of 2204639?
193, 11423
What are the prime factors of 25163168?
2, 786349
What are the prime factors of 99248743?
11, 9022613
List the prime factors of 309681864.
2, 3, 4301137
List the prime factors of 3817478.
2, 7, 257, 1061
What are the prime factors of 3659349754?
2, 383, 4777219
What are the prime factors of 718725503?
1559, 461017
What are the prime factors of 39835976?
2, 37, 134581
What are the prime factors of 304315435?
5, 60863087
What are the prime factors of 835688231?
7, 119384033
What are the prime factors of 3702303465?
3, 5, 7, 2111, 16703
What are the prime factors of 346279195?
5, 69255839
What are the prime factors of 168170435?
5, 1049, 32063
What are the prime factors of 484665327?
3, 691, 77933
List the prime factors of 121976726.
2, 29, 313, 6719
List the prime factors of 4741279207.
7, 47, 14411183
List the prime factors of 3506907862.
2, 19, 92287049
List the prime factors of 5166334.
2, 17, 47, 53, 61
What are the prime factors of 520227?
3, 57803
What are the prime factors of 73060131?
3, 269, 90533
List the prime factors of 33896697.
3, 11298899
What are the prime factors of 1449449070?
2, 3, 5, 17, 1559, 1823
List the prime factors of 6693848924.
2, 7, 2767, 86399
List the prime factors of 187537697.
4273, 43889
List the prime factors of 5013145840.
2, 5, 311, 201493
What are the prime factors of 27537589?
467, 58967
What are the prime factors of 14064019?
2237, 6287
List the prime factors of 1051156773.
3, 31, 3767587
List the prime factors of 50001059.
5167, 9677
What are the prime factors of 395038562?
2, 61, 3238021
List the prime factors of 246765726.
2, 3, 1031, 13297
What are the prime factors of 559978151?
5669, 98779
List the prime factors of 4918579848.
2, 3, 7, 13, 239, 349
List the prime factors of 462523060.
2, 5, 2081, 11113